{"id":32868,"date":"2023-10-26T16:16:46","date_gmt":"2023-10-26T14:16:46","guid":{"rendered":"https:\/\/newsocialinitiative.org\/?post_type=statement&#038;p=32868"},"modified":"2023-11-20T16:19:45","modified_gmt":"2023-11-20T15:19:45","slug":"obnavljanje-posvecenosti-ka-cilju-mira","status":"publish","type":"statement","link":"https:\/\/newsocialinitiative.org\/sr\/statement\/obnavljanje-posvecenosti-ka-cilju-mira\/","title":{"rendered":"Obnavljanje posve\u0107enosti ka cilju mira"},"content":{"rendered":"\n<p>Organizacije civilnog dru\u0161tva sa Kosova i iz Srbije ponovili su svoju posve\u0107enost aktivnom radu na normalizaciji odnosa u celom regionu, posebno izgradnji odnosa i saradnje u skladu sa principima\u00a0<a href=\"https:\/\/www.eeas.europa.eu\/eeas\/belgrade-pristina-dialogue-eu-proposal-agreement-path-normalisation-between-kosovo-and-serbia_en\" target=\"_blank\" rel=\"noopener\">\u010dlana 6<\/a>\u00a0nedavnog plana puta za normalizaciju, kroz koji su se strane dogovorile da prodube budu\u0107u saradnju u razli\u010ditim oblastima.<\/p>\n\n\n\n<p>Nasilni doga\u0111aj 24. septembra sna\u017eno je uticao na odnose unutar, i izme\u0111u Kosova i Srbije, u vreme kada su oni ve\u0107 bili u silaznoj putanji.<\/p>\n\n\n\n<p>Narativ podele \u2013 koji proizlazi iz politike, medija i drugih mesta \u2013 podsti\u010de tenzije, posebno izme\u0111u samih zajednica koje podnose teret sukoba.<\/p>\n\n\n\n<p>Ose\u0107aj nesigurnosti pro\u017eima zajednice na veoma razli\u010dite i sna\u017ene na\u010dine. Svi se bave re\u0161avanjem posledica krize, umesto uzroka. Se\u0107anja na pro\u0161lost se pro\u017eimaju kroz realnosti sada\u0161njice.<\/p>\n\n\n\n<p>Cena koja se pla\u0107a zbog krize je o\u010diglednija nego ikad. Mnogi su navodno ve\u0107 oti\u0161li \u2013 ili planiraju da odu \u2013 ne samo sa severa Kosova, ve\u0107 iz celog regiona.<\/p>\n\n\n\n<p>U takvom kontekstu, va\u017enije je nego ikada da nastojimo da razumemo kako razli\u010dite zajednice u svom svakodnevnom \u017eivotu do\u017eivljavaju kontekst koji se brzo menja. Ovo je bitno i da se ubla\u017ee negativni uticaji i spasu pozitivne stvari koje i dalje postoje dok se ponovo vra\u0107a i izgra\u0111uje poverenje.<\/p>\n\n\n\n<p>Napredak nije mogu\u0107 kada ljudi ose\u0107aju nesigurnost ili neizvesnost u budu\u0107nost; kada postoji sumnja i oklevanje \u0161ta \u0107e se dogoditi sutra. Moramo da izgradimo \u010dvrste temelje na kojima mo\u017ee da se izgradi prosperitetna budu\u0107nost. Iako \u0107e biti sumnji i oklevanja da je takav pravac beskoristan, mi \u010dvrsto verujemo da ne postoji mnogo alternativa.<\/p>\n\n\n\n<p>U takvim trenucima, smatramo da je veoma va\u017eno da ponovimo svoju posve\u0107enost miru i izgradnji bolje budu\u0107nosti. Posve\u0107eni smo tome da Kosovo i Srbija budu najbolja mesta za \u017eivot, posebno za budu\u0107e generacije.<\/p>\n\n\n\n<p>Oru\u017eano re\u0161avanje sukoba ne sme da bude alternativa dijalogu, bez obzira koliko bi to moglo da potraje. Moramo da slu\u0161amo jedni druge i razvijamo zajedni\u010dke inicijative za transformaciju na\u0161eg dru\u0161tva.<\/p>\n\n\n\n<p>Od presudne je va\u017enosti da se ljudi zajedno suprotstave narativima koji stvaraju sukobe i ostanu otvoreni novim kanalima komunikacije i novim izvorima informacija. Bez obzira na izazove i neuspehe, ostajemo posve\u0107eni tom pravcu.<\/p>\n\n\n\n<p>Mi smo akteri gra\u0111anskog dru\u0161tva posve\u0107eni aktivnom radu na normalizaciji odnosa u celom regionu. Pozivamo vlasti na svim nivoima da podr\u017ee korake za izgradnju veza i saradnje unutar i izme\u0111u gra\u0111ana Kosova i Srbije u skladu sa uslovima i duhom nedavne mape puta za normalizaciju odnosa \u2013 posebno shodno \u010dlanu 6, kojim su se strane saglasile da prodube budu\u0107u saradnju u razli\u010ditim oblastima. Osu\u0111ujemo svaki jezik koji stvara sukobe, posebno kada je usmeren na one koji su posve\u0107eni izgradnji \u010dvr\u0161\u0107ih veza izme\u0111u Srbije i Kosova.<\/p>\n\n\n\n<p>Obavezujemo se da u\u010dinimo sve \u0161to je mogu\u0107e da povratimo poverenje \u2013 jedni u druge, u na\u0161e institucije i u na\u0161e me\u0111unarodne partnere. Posve\u0107eni smo stvaranju boljeg okru\u017eenja i \u0161ireg prostora u kom mogu da se unaprede odnosi me\u0111u zajednicama za dobrobit svih gra\u0111ana u Srbiji i na Kosovu.<\/p>\n\n\n\n<h3 class=\"wp-block-heading\">Potpisnici:<\/h3>\n\n\n\n<ol class=\"wp-block-list\" start=\"1\">\n<li>Aktiv<\/li>\n\n\n\n<li>Artpolis&nbsp;<\/li>\n\n\n\n<li>Centar za mir i toleranciju<\/li>\n\n\n\n<li>Community building Mitrovica (CBM)<\/li>\n\n\n\n<li>Fondacija BFPE za odgovorno dru\u0161tvo (BFPE)<\/li>\n\n\n\n<li>Fondacija Heartefact fond, Beograd<\/li>\n\n\n\n<li>Gorazdevac Media Group<\/li>\n\n\n\n<li>Institut za javna istra\u017eivanja, Gra\u010danica<\/li>\n\n\n\n<li>Kosovski institut pravde<\/li>\n\n\n\n<li>Komitet pravnika za ljudska prava (YUCOM)<\/li>\n\n\n\n<li>Local Peace, Leposavic<\/li>\n\n\n\n<li>Livrit Creative Center<\/li>\n\n\n\n<li>New Perspektiva, Kosovo<\/li>\n\n\n\n<li>Nova dru\u0161tvena inicijativa (NSI), Severna Mitrovica<\/li>\n\n\n\n<li>Peer Educators Network<\/li>\n\n\n\n<li>Rahim Salihi, aktivista civilnog dru\u0161tva<\/li>\n\n\n\n<li>Vljolca Krasni\u0107i, Univerzitet Pri\u0161tina<\/li>\n\n\n\n<li>Glas Roma, A\u0161kalija i Egip\u0107ana<\/li>\n\n\n\n<li>Inicijativa mladih za ljudska prava na Kosovu<\/li>\n\n\n\n<li>Inicijativa mladih za ljudska prava u Srbiji<\/li>\n<\/ol>\n","protected":false},"excerpt":{"rendered":"<p>Organizacije civilnog dru\u0161tva sa Kosova i iz Srbije ponovili su svoju posve\u0107enost aktivnom radu na normalizaciji odnosa u celom regionu, posebno izgradnji odnosa i saradnje u skladu sa principima\u00a0\u010dlana 6\u00a0nedavnog plana puta za normalizaciju, kroz koji su se strane dogovorile da prodube budu\u0107u saradnju u&#8230;<\/p>\n","protected":false},"author":3,"featured_media":30878,"parent":0,"comment_status":"open","ping_status":"closed","template":"","meta":{"_links_to":"","_links_to_target":""},"categories":[],"class_list":["post-32868","statement","type-statement","status-publish","has-post-thumbnail","hentry"],"acf":[],"_links":{"self":[{"href":"https:\/\/newsocialinitiative.org\/sr\/wp-json\/wp\/v2\/statement\/32868","targetHints":{"allow":["GET"]}}],"collection":[{"href":"https:\/\/newsocialinitiative.org\/sr\/wp-json\/wp\/v2\/statement"}],"about":[{"href":"https:\/\/newsocialinitiative.org\/sr\/wp-json\/wp\/v2\/types\/statement"}],"author":[{"embeddable":true,"href":"https:\/\/newsocialinitiative.org\/sr\/wp-json\/wp\/v2\/users\/3"}],"replies":[{"embeddable":true,"href":"https:\/\/newsocialinitiative.org\/sr\/wp-json\/wp\/v2\/comments?post=32868"}],"version-history":[{"count":1,"href":"https:\/\/newsocialinitiative.org\/sr\/wp-json\/wp\/v2\/statement\/32868\/revisions"}],"predecessor-version":[{"id":32869,"href":"https:\/\/newsocialinitiative.org\/sr\/wp-json\/wp\/v2\/statement\/32868\/revisions\/32869"}],"wp:featuredmedia":[{"embeddable":true,"href":"https:\/\/newsocialinitiative.org\/sr\/wp-json\/wp\/v2\/media\/30878"}],"wp:attachment":[{"href":"https:\/\/newsocialinitiative.org\/sr\/wp-json\/wp\/v2\/media?parent=32868"}],"wp:term":[{"taxonomy":"category","embeddable":true,"href":"https:\/\/newsocialinitiative.org\/sr\/wp-json\/wp\/v2\/categories?post=32868"}],"curies":[{"name":"wp","href":"https:\/\/api.w.org\/{rel}","templated":true}]}}

Obnavljanje posvećenosti ka cilju mira

<p>Organizacije civilnog društva sa Kosova i iz Srbije ponovili su svoju posvećenost aktivnom radu na normalizaciji odnosa u celom regionu, posebno izgradnji odnosa i saradnje u skladu sa principima <a href="https://www.eeas.europa.eu/eeas/belgrade-pristina-dialogue-eu-proposal-agreement-path-normalisation-between-kosovo-and-serbia_en" target="_blank" rel="noopener">člana 6</a> nedavnog plana puta za normalizaciju, kroz koji su se strane dogovorile da prodube buduću saradnju u različitim oblastima.</p>



<p>Nasilni događaj 24. septembra snažno je uticao na odnose unutar, i između Kosova i Srbije, u vreme kada su oni već bili u silaznoj putanji.</p>



<p>Narativ podele – koji proizlazi iz politike, medija i drugih mesta – podstiče tenzije, posebno između samih zajednica koje podnose teret sukoba.</p>



<p>Osećaj nesigurnosti prožima zajednice na veoma različite i snažne načine. Svi se bave rešavanjem posledica krize, umesto uzroka. Sećanja na prošlost se prožimaju kroz realnosti sadašnjice.</p>



<p>Cena koja se plaća zbog krize je očiglednija nego ikad. Mnogi su navodno već otišli – ili planiraju da odu – ne samo sa severa Kosova, već iz celog regiona.</p>



<p>U takvom kontekstu, važnije je nego ikada da nastojimo da razumemo kako različite zajednice u svom svakodnevnom životu doživljavaju kontekst koji se brzo menja. Ovo je bitno i da se ublaže negativni uticaji i spasu pozitivne stvari koje i dalje postoje dok se ponovo vraća i izgrađuje poverenje.</p>



<p>Napredak nije moguć kada ljudi osećaju nesigurnost ili neizvesnost u budućnost; kada postoji sumnja i oklevanje šta će se dogoditi sutra. Moramo da izgradimo čvrste temelje na kojima može da se izgradi prosperitetna budućnost. Iako će biti sumnji i oklevanja da je takav pravac beskoristan, mi čvrsto verujemo da ne postoji mnogo alternativa.</p>



<p>U takvim trenucima, smatramo da je veoma važno da ponovimo svoju posvećenost miru i izgradnji bolje budućnosti. Posvećeni smo tome da Kosovo i Srbija budu najbolja mesta za život, posebno za buduće generacije.</p>



<p>Oružano rešavanje sukoba ne sme da bude alternativa dijalogu, bez obzira koliko bi to moglo da potraje. Moramo da slušamo jedni druge i razvijamo zajedničke inicijative za transformaciju našeg društva.</p>



<p>Od presudne je važnosti da se ljudi zajedno suprotstave narativima koji stvaraju sukobe i ostanu otvoreni novim kanalima komunikacije i novim izvorima informacija. Bez obzira na izazove i neuspehe, ostajemo posvećeni tom pravcu.</p>



<p>Mi smo akteri građanskog društva posvećeni aktivnom radu na normalizaciji odnosa u celom regionu. Pozivamo vlasti na svim nivoima da podrže korake za izgradnju veza i saradnje unutar i između građana Kosova i Srbije u skladu sa uslovima i duhom nedavne mape puta za normalizaciju odnosa – posebno shodno članu 6, kojim su se strane saglasile da prodube buduću saradnju u različitim oblastima. Osuđujemo svaki jezik koji stvara sukobe, posebno kada je usmeren na one koji su posvećeni izgradnji čvršćih veza između Srbije i Kosova.</p>



<p>Obavezujemo se da učinimo sve što je moguće da povratimo poverenje – jedni u druge, u naše institucije i u naše međunarodne partnere. Posvećeni smo stvaranju boljeg okruženja i šireg prostora u kom mogu da se unaprede odnosi među zajednicama za dobrobit svih građana u Srbiji i na Kosovu.</p>



<h3 class="wp-block-heading">Potpisnici:</h3>



<ol class="wp-block-list" start="1">
<li>Aktiv</li>



<li>Artpolis&nbsp;</li>



<li>Centar za mir i toleranciju</li>



<li>Community building Mitrovica (CBM)</li>



<li>Fondacija BFPE za odgovorno društvo (BFPE)</li>



<li>Fondacija Heartefact fond, Beograd</li>



<li>Gorazdevac Media Group</li>



<li>Institut za javna istraživanja, Gračanica</li>



<li>Kosovski institut pravde</li>



<li>Komitet pravnika za ljudska prava (YUCOM)</li>



<li>Local Peace, Leposavic</li>



<li>Livrit Creative Center</li>



<li>New Perspektiva, Kosovo</li>



<li>Nova društvena inicijativa (NSI), Severna Mitrovica</li>



<li>Peer Educators Network</li>



<li>Rahim Salihi, aktivista civilnog društva</li>



<li>Vljolca Krasnići, Univerzitet Priština</li>



<li>Glas Roma, Aškalija i Egipćana</li>



<li>Inicijativa mladih za ljudska prava na Kosovu</li>



<li>Inicijativa mladih za ljudska prava u Srbiji</li>
</ol>

<p>Organizacije civilnog društva sa Kosova i iz Srbije ponovili su svoju posvećenost aktivnom radu na normalizaciji odnosa u celom regionu, posebno izgradnji odnosa i saradnje u skladu sa principima člana 6 nedavnog plana puta za normalizaciju, kroz koji su se strane dogovorile da prodube buduću saradnju u&#8230;</p>
