{"id":28234,"date":"2020-04-12T12:09:00","date_gmt":"2020-04-12T10:09:00","guid":{"rendered":"https:\/\/newsocialinitiative.org\/statement\/press-release-4\/"},"modified":"2022-07-12T23:07:59","modified_gmt":"2022-07-12T21:07:59","slug":"press-release-4","status":"publish","type":"statement","link":"https:\/\/newsocialinitiative.org\/sr\/statement\/press-release-4\/","title":{"rendered":"Saop\u0161tenje za javnost"},"content":{"rendered":"<div class=\"wp-block-image\">\n<figure class=\"aligncenter size-full\"><img decoding=\"async\" width=\"800\" height=\"440\" src=\"https:\/\/newsocialinitiative.org\/wp-content\/uploads\/2022\/05\/Press-Release2.png\" alt=\"\" class=\"wp-image-24466\" srcset=\"https:\/\/newsocialinitiative.org\/wp-content\/uploads\/2022\/05\/Press-Release2.png 800w, https:\/\/newsocialinitiative.org\/wp-content\/uploads\/2022\/05\/Press-Release2-300x165.png 300w, https:\/\/newsocialinitiative.org\/wp-content\/uploads\/2022\/05\/Press-Release2-768x422.png 768w\" sizes=\"(max-width: 800px) 100vw, 800px\" \/><\/figure>\n<\/div>\n\n\n<p><\/p>\n\n\n\n<p><\/p>\n\n\n\n<p><\/p>\n\n\n\n<p><\/p>\n\n\n\n<p><\/p>\n\n\n\n<p><\/p>\n\n\n\n<p><\/p>\n\n\n\n<p><\/p>\n\n\n\n<p><\/p>\n\n\n\n<p><\/p>\n\n\n\n<p><\/p>\n\n\n\n<p><\/p>\n\n\n\n<p><\/p>\n\n\n\n<h2 class=\"wp-block-heading\">Saop\u0161tenje za javnost<\/h2>\n\n\n\n<p>Najo\u0161trije osu\u0111ujemo ju\u010dera\u0161nje privo\u0111enje urednice portala KoSSev, Tatjane Lazarevi\u0107 od strane Policije Kosova zbog navodnog kr\u0161enja zabrane kretanja.<\/p>\n\n\n\n<p>Sloboda medija je jedna od tekovina savremene civilizacije, a njen zna\u010daj se posebno ogleda danas, kada je u toku globalne krize izazvane pandemijom COVID-19 neophodno da dobijemo ta\u010dne i pravovremene informacije. Otuda smatramo neprihvatljivim da javne institucije, uklju\u010duju\u0107i Policiju Kosova, uti\u010du na spre\u010davanje novinara za obavljanje svojih aktivnosti na izve\u0161tavanju o pandemiji.<\/p>\n\n\n\n<p>Podse\u0107amo da se po odluci Vlade Kosova zabrana kretanja ne odnosi na novinare koji izve\u0161tavaju sa terena o situaciji usled \u0161irenja koronavirusa.<\/p>\n\n\n\n<p>Pozivamo policijski Inspektorat da \u0161to pre utvrdi da li su u ovom slu\u010daju pripadnici Policije Kosova prekr\u0161ili svoja ovla\u0161\u0107enja, a od tu\u017eila\u0161tva zahtevamo da odustane od krivi\u010dnog gonjenja Tatjane Lazarevi\u0107.<\/p>\n\n\n\n<p>Tako\u0111e pozivamo Vladu Kosova da insistira na pravilnom sprovo\u0111enju svojih odluka, a od me\u0111unarodnih institucija i organizacija o\u010dekujemo da osude ovaj postupak Policije Kosova.<\/p>\n\n\n\n<p>Saop\u0161tenje potpisali:<\/p>\n\n\n\n<p>Nova dru\u0161tvena inicijativa \u2013 NSI<\/p>\n\n\n\n<p>Institut za teritorijalni ekonomski razvoj \u2013 InTER<\/p>\n\n\n\n<p>Portal Crno beli svet<\/p>\n\n\n\n<p>Lokalna inicijativa LINK<\/p>\n\n\n\n<p>Gra\u010danica Online<\/p>\n\n\n\n<p>Centar za zastupanje demokratske kulture \u2013 ACDC<\/p>\n\n\n\n<p>Komunikacija za razvoj dru\u0161tva \u2013 CSD<\/p>\n\n\n\n<p>Medija Centar \u010caglavica<\/p>\n\n\n\n<p>Centar za socijalne inicijative<\/p>\n\n\n\n<p>Forum za razvoj i multietni\u010dku saradnju -FDMC<\/p>\n\n\n\n<p>Alternativno udru\u017eenje<\/p>\n","protected":false},"excerpt":{"rendered":"<p>Saop\u0161tenje za javnost Najo\u0161trije osu\u0111ujemo ju\u010dera\u0161nje privo\u0111enje urednice portala KoSSev, Tatjane Lazarevi\u0107 od strane Policije Kosova zbog navodnog kr\u0161enja zabrane kretanja. Sloboda medija je jedna od tekovina savremene civilizacije, a njen zna\u010daj se posebno ogleda danas, kada je u toku globalne krize izazvane pandemijom COVID-19&#8230;<\/p>\n","protected":false},"author":2,"featured_media":24464,"parent":0,"comment_status":"open","ping_status":"closed","template":"","meta":{"_links_to":"","_links_to_target":""},"categories":[],"class_list":["post-28234","statement","type-statement","status-publish","has-post-thumbnail","hentry"],"acf":[],"_links":{"self":[{"href":"https:\/\/newsocialinitiative.org\/sr\/wp-json\/wp\/v2\/statement\/28234","targetHints":{"allow":["GET"]}}],"collection":[{"href":"https:\/\/newsocialinitiative.org\/sr\/wp-json\/wp\/v2\/statement"}],"about":[{"href":"https:\/\/newsocialinitiative.org\/sr\/wp-json\/wp\/v2\/types\/statement"}],"author":[{"embeddable":true,"href":"https:\/\/newsocialinitiative.org\/sr\/wp-json\/wp\/v2\/users\/2"}],"replies":[{"embeddable":true,"href":"https:\/\/newsocialinitiative.org\/sr\/wp-json\/wp\/v2\/comments?post=28234"}],"version-history":[{"count":0,"href":"https:\/\/newsocialinitiative.org\/sr\/wp-json\/wp\/v2\/statement\/28234\/revisions"}],"wp:featuredmedia":[{"embeddable":true,"href":"https:\/\/newsocialinitiative.org\/sr\/wp-json\/wp\/v2\/media\/24464"}],"wp:attachment":[{"href":"https:\/\/newsocialinitiative.org\/sr\/wp-json\/wp\/v2\/media?parent=28234"}],"wp:term":[{"taxonomy":"category","embeddable":true,"href":"https:\/\/newsocialinitiative.org\/sr\/wp-json\/wp\/v2\/categories?post=28234"}],"curies":[{"name":"wp","href":"https:\/\/api.w.org\/{rel}","templated":true}]}}

Saopštenje za javnost

<div class="wp-block-image">
<figure class="aligncenter size-full"><img decoding="async" width="800" height="440" src="https://newsocialinitiative.org/wp-content/uploads/2022/05/Press-Release2.png" alt="" class="wp-image-24466" srcset="https://newsocialinitiative.org/wp-content/uploads/2022/05/Press-Release2.png 800w, https://newsocialinitiative.org/wp-content/uploads/2022/05/Press-Release2-300x165.png 300w, https://newsocialinitiative.org/wp-content/uploads/2022/05/Press-Release2-768x422.png 768w" sizes="(max-width: 800px) 100vw, 800px" /></figure>
</div>


<p></p>



<p></p>



<p></p>



<p></p>



<p></p>



<p></p>



<p></p>



<p></p>



<p></p>



<p></p>



<p></p>



<p></p>



<p></p>



<h2 class="wp-block-heading">Saopštenje za javnost</h2>



<p>Najoštrije osuđujemo jučerašnje privođenje urednice portala KoSSev, Tatjane Lazarević od strane Policije Kosova zbog navodnog kršenja zabrane kretanja.</p>



<p>Sloboda medija je jedna od tekovina savremene civilizacije, a njen značaj se posebno ogleda danas, kada je u toku globalne krize izazvane pandemijom COVID-19 neophodno da dobijemo tačne i pravovremene informacije. Otuda smatramo neprihvatljivim da javne institucije, uključujući Policiju Kosova, utiču na sprečavanje novinara za obavljanje svojih aktivnosti na izveštavanju o pandemiji.</p>



<p>Podsećamo da se po odluci Vlade Kosova zabrana kretanja ne odnosi na novinare koji izveštavaju sa terena o situaciji usled širenja koronavirusa.</p>



<p>Pozivamo policijski Inspektorat da što pre utvrdi da li su u ovom slučaju pripadnici Policije Kosova prekršili svoja ovlašćenja, a od tužilaštva zahtevamo da odustane od krivičnog gonjenja Tatjane Lazarević.</p>



<p>Takođe pozivamo Vladu Kosova da insistira na pravilnom sprovođenju svojih odluka, a od međunarodnih institucija i organizacija očekujemo da osude ovaj postupak Policije Kosova.</p>



<p>Saopštenje potpisali:</p>



<p>Nova društvena inicijativa – NSI</p>



<p>Institut za teritorijalni ekonomski razvoj – InTER</p>



<p>Portal Crno beli svet</p>



<p>Lokalna inicijativa LINK</p>



<p>Gračanica Online</p>



<p>Centar za zastupanje demokratske kulture – ACDC</p>



<p>Komunikacija za razvoj društva – CSD</p>



<p>Medija Centar Čaglavica</p>



<p>Centar za socijalne inicijative</p>



<p>Forum za razvoj i multietničku saradnju -FDMC</p>



<p>Alternativno udruženje</p>

<p>Saopštenje za javnost Najoštrije osuđujemo jučerašnje privođenje urednice portala KoSSev, Tatjane Lazarević od strane Policije Kosova zbog navodnog kršenja zabrane kretanja. Sloboda medija je jedna od tekovina savremene civilizacije, a njen značaj se posebno ogleda danas, kada je u toku globalne krize izazvane pandemijom COVID-19&#8230;</p>
