{"id":26384,"date":"2020-02-28T10:20:00","date_gmt":"2020-02-28T09:20:00","guid":{"rendered":"https:\/\/newsocialinitiative.org\/oped\/da-li-je-kurti-nocna-mora-za-medjunarodnu-zajednicu-koja-vrsi-monitoring-na-kosovu\/"},"modified":"2020-02-28T10:20:00","modified_gmt":"2020-02-28T09:20:00","slug":"da-li-je-kurti-nocna-mora-za-medjunarodnu-zajednicu-koja-vrsi-monitoring-na-kosovu","status":"publish","type":"oped","link":"https:\/\/newsocialinitiative.org\/sr\/oped\/da-li-je-kurti-nocna-mora-za-medjunarodnu-zajednicu-koja-vrsi-monitoring-na-kosovu\/","title":{"rendered":"Da li je Kurti no\u0107na mora za me\u0111unarodnu zajednicu koja vr\u0161i monitoring na Kosovu?"},"content":{"rendered":"","protected":false},"excerpt":{"rendered":"","protected":false},"author":2,"featured_media":0,"parent":0,"comment_status":"open","ping_status":"closed","template":"","meta":{"_links_to":"","_links_to_target":""},"categories":[],"class_list":["post-26384","oped","type-oped","status-publish","hentry"],"acf":[],"_links":{"self":[{"href":"https:\/\/newsocialinitiative.org\/sr\/wp-json\/wp\/v2\/oped\/26384","targetHints":{"allow":["GET"]}}],"collection":[{"href":"https:\/\/newsocialinitiative.org\/sr\/wp-json\/wp\/v2\/oped"}],"about":[{"href":"https:\/\/newsocialinitiative.org\/sr\/wp-json\/wp\/v2\/types\/oped"}],"author":[{"embeddable":true,"href":"https:\/\/newsocialinitiative.org\/sr\/wp-json\/wp\/v2\/users\/2"}],"replies":[{"embeddable":true,"href":"https:\/\/newsocialinitiative.org\/sr\/wp-json\/wp\/v2\/comments?post=26384"}],"version-history":[{"count":0,"href":"https:\/\/newsocialinitiative.org\/sr\/wp-json\/wp\/v2\/oped\/26384\/revisions"}],"wp:attachment":[{"href":"https:\/\/newsocialinitiative.org\/sr\/wp-json\/wp\/v2\/media?parent=26384"}],"wp:term":[{"taxonomy":"category","embeddable":true,"href":"https:\/\/newsocialinitiative.org\/sr\/wp-json\/wp\/v2\/categories?post=26384"}],"curies":[{"name":"wp","href":"https:\/\/api.w.org\/{rel}","templated":true}]}}

Da li je Kurti noćna mora za međunarodnu zajednicu koja vrši monitoring na Kosovu?
