{"id":36173,"date":"2025-05-12T11:02:27","date_gmt":"2025-05-12T09:02:27","guid":{"rendered":"https:\/\/newsocialinitiative.org\/?post_type=statement&#038;p=36173"},"modified":"2025-05-12T13:29:07","modified_gmt":"2025-05-12T11:29:07","slug":"lidhur-me-ngacmimet-e-grave-dhe-vajzave-ne-veri-te-kosoves-dhe-reagimin-joadekuat-te-institucioneve","status":"publish","type":"statement","link":"https:\/\/newsocialinitiative.org\/sq\/statement\/lidhur-me-ngacmimet-e-grave-dhe-vajzave-ne-veri-te-kosoves-dhe-reagimin-joadekuat-te-institucioneve\/","title":{"rendered":"Lidhur me ngacmimet e grave dhe vajzave n\u00eb veri t\u00eb Kosov\u00ebs dhe reagimin joadekuat t\u00eb institucioneve"},"content":{"rendered":"\n<p>Jav\u00ebt e fundit, ka pasur nj\u00eb rritje t\u00eb raportimeve t\u00eb qytetar\u00ebve dhe mbulimit mediatik n\u00eb lidhje me ngacmimet e grave dhe vajzave nga civil\u00ebt q\u00eb vijn\u00eb nga drejtimi i Mitrovic\u00ebs Jugore, duke p\u00ebrfshir\u00eb incidentet me t\u00eb mitur. K\u00ebto ngjarje ngren\u00eb shqet\u00ebsime serioze dhe b\u00ebrejn\u00eb m\u00eb tej ndjenj\u00ebn e siguris\u00eb personale dhe kolektive n\u00eb mesin e banor\u00ebve n\u00eb veri t\u00eb Kosov\u00ebs.<\/p>\n\n\n\n<p>Shpesht\u00ebsia dhe vazhdim\u00ebsia e incidenteve t\u00eb tilla tregojn\u00eb p\u00ebr nj\u00eb problem t\u00eb thell\u00eb institucional, nj\u00eb d\u00ebshtim apo mosgatishm\u00ebri t\u00eb Policis\u00eb s\u00eb Kosov\u00ebs p\u00ebr t\u00eb ofruar mbrojtje p\u00ebr t\u00eb gjith\u00eb qytetar\u00ebt. Ve\u00e7an\u00ebrisht jan\u00eb alarmante d\u00ebshmit\u00eb e p\u00ebrpjekjeve p\u00ebr t\u00eb minimizuar k\u00ebto incidente, si dhe raportet p\u00ebr frik\u00ebsimin e d\u00ebshmitar\u00ebve nga zyrtar\u00ebt e policis\u00eb.<\/p>\n\n\n\n<p>Qytetar\u00ebt vazhdimisht i kan\u00eb b\u00ebr\u00eb thirrje Policis\u00eb s\u00eb Kosov\u00ebs q\u00eb t\u00eb ofrojn\u00eb siguri p\u00ebr t\u00eb gjith\u00eb, por k\u00ebto apele mbeten pa p\u00ebrgjigje. Inspektorati Policor i Kosov\u00ebs ka treguar pak ndikim t\u00eb duksh\u00ebm n\u00eb monitorimin apo disiplinimin e sjelljeve t\u00eb pahijshme n\u00eb raste t\u00eb tilla, nd\u00ebrsa mekanizmat p\u00ebr mbik\u00ebqyrjen civile t\u00eb policis\u00eb mbeten jasht\u00ebzakonisht t\u00eb kufizuara.<\/p>\n\n\n\n<p>Duke pasur parasysh pesh\u00ebn e situat\u00ebs dhe munges\u00ebn e dukshme t\u00eb reagimit institucional, ne besojm\u00eb se \u00ebsht\u00eb thelb\u00ebsore q\u00eb akter\u00ebt nd\u00ebrkomb\u00ebtar\u00eb t\u00eb intensifikojn\u00eb mekanizmat e mbik\u00ebqyrjes dhe llogaridh\u00ebnies n\u00eb lidhje me strukturat e siguris\u00eb. N\u00eb k\u00ebt\u00eb kontekst, ne ve\u00e7ojm\u00eb n\u00eb m\u00ebnyr\u00eb specifike mandatin e misionit t\u00eb EULEX-it, i cili ka p\u00ebr detyr\u00eb t\u00eb monitoroj\u00eb sundimin e ligjit n\u00eb Kosov\u00eb, duke p\u00ebrfshir\u00eb edhe operacionet policore.<\/p>\n\n\n\n<p><strong>Prandaj i b\u00ebjm\u00eb thirrje misionit t\u00eb EULEX-it, n\u00eb frym\u00ebn e transparenc\u00ebs dhe llogaridh\u00ebnies ndaj qytetar\u00ebve, t\u2019i p\u00ebrgjigjet publikisht pyetjeve t\u00eb m\u00ebposhtme:<\/strong><\/p>\n\n\n\n<ol class=\"wp-block-list\">\n<li><strong>A \u00ebsht\u00eb duke monitoruar dhe dokumentuar aktualisht EULEX-i rastet e ngacmimit t\u00eb grave dhe vajzave n\u00eb veri t\u00eb Kosov\u00ebs? N\u00ebse po, a ka nj\u00eb vler\u00ebsim t\u00eb tendencave dhe ashp\u00ebrsis\u00eb s\u00eb k\u00ebtyre incidenteve?<\/strong><\/li>\n\n\n\n<li><strong>\u00c7far\u00eb hapash konkret nd\u00ebrmerr EULEX-i kur identifikon d\u00ebshtimet sistematike n\u00eb pun\u00ebn e Policis\u00eb s\u00eb Kosov\u00ebs n\u00eb lidhje me mbrojtjen e pjes\u00ebtar\u00ebve t\u00eb komuniteteve jo-shumic\u00eb?<\/strong><\/li>\n\n\n\n<li><strong>Si siguron EULEX-i q\u00eb gjetjet dhe rekomandimet e tij n\u00eb raste t\u00eb tilla t\u00eb ken\u00eb ndikim institucional dhe t\u00eb \u00e7ojn\u00eb n\u00eb ndryshime n\u00eb sjelljen e policis\u00eb?<\/strong><\/li>\n\n\n\n<li><strong>A \u00ebsht\u00eb duke planifikuar EULEX-i t\u00eb rris\u00eb prezenc\u00ebn dhe mbik\u00ebqyrjen e nj\u00ebsive policore n\u00eb komunat veriore, duke pasur parasysh kontekstin specifik dhe raportet e shpeshta t\u00eb qytetar\u00ebve p\u00ebr ngacmim dhe mbrojtje joefektive?<\/strong><\/li>\n<\/ol>\n\n\n\n<p><strong>\u00cbsht\u00eb urgjentisht e nevojshme t\u00eb rikthehet besimi i publikut n\u00eb institucionet e siguris\u00eb. Kjo mund t\u00eb arrihet vet\u00ebm p\u00ebrmes pun\u00ebs s\u00eb p\u00ebrgjegjshme dhe transparente t\u00eb t\u00eb gjitha organeve relevante, p\u00ebrfshir\u00eb misionet nd\u00ebrkomb\u00ebtare t\u00eb mandatuara p\u00ebr t\u00eb mb\u00ebshtetur sundimin e ligjit dhe mbrojtjen e t\u00eb drejtave t\u00eb njeriut n\u00eb Kosov\u00eb.<\/strong><\/p>\n\n\n\n<p><strong>Organizatat n\u00ebnshkruese:&nbsp;<\/strong><\/p>\n\n\n\n<p>Qendra p\u00ebr Veprime Sociale Afirmative (CASA)<\/p>\n\n\n\n<p>Iniciativa e Re Sociale (NSI)<\/p>\n\n\n\n<p>Instituti p\u00ebr Zhvillim Ekonomik Territorial (InTER)<\/p>\n\n\n\n<p>Qendra Avokuese p\u00ebr Kultur\u00eb Demokratike (ACDC)<\/p>\n\n\n\n<p>NGO Aktiv<\/p>\n","protected":false},"excerpt":{"rendered":"<p>Jav\u00ebt e fundit, ka pasur nj\u00eb rritje t\u00eb raportimeve t\u00eb qytetar\u00ebve dhe mbulimit mediatik n\u00eb lidhje me ngacmimet e grave dhe vajzave nga civil\u00ebt q\u00eb vijn\u00eb nga drejtimi i Mitrovic\u00ebs Jugore, duke p\u00ebrfshir\u00eb incidentet me t\u00eb mitur. K\u00ebto ngjarje ngren\u00eb shqet\u00ebsime serioze dhe b\u00ebrejn\u00eb m\u00eb&#8230;<\/p>\n","protected":false},"author":6,"featured_media":36176,"parent":0,"comment_status":"open","ping_status":"closed","template":"","meta":{"_links_to":"","_links_to_target":""},"categories":[],"class_list":["post-36173","statement","type-statement","status-publish","has-post-thumbnail","hentry"],"acf":[],"_links":{"self":[{"href":"https:\/\/newsocialinitiative.org\/sq\/wp-json\/wp\/v2\/statement\/36173","targetHints":{"allow":["GET"]}}],"collection":[{"href":"https:\/\/newsocialinitiative.org\/sq\/wp-json\/wp\/v2\/statement"}],"about":[{"href":"https:\/\/newsocialinitiative.org\/sq\/wp-json\/wp\/v2\/types\/statement"}],"author":[{"embeddable":true,"href":"https:\/\/newsocialinitiative.org\/sq\/wp-json\/wp\/v2\/users\/6"}],"replies":[{"embeddable":true,"href":"https:\/\/newsocialinitiative.org\/sq\/wp-json\/wp\/v2\/comments?post=36173"}],"version-history":[{"count":2,"href":"https:\/\/newsocialinitiative.org\/sq\/wp-json\/wp\/v2\/statement\/36173\/revisions"}],"predecessor-version":[{"id":36180,"href":"https:\/\/newsocialinitiative.org\/sq\/wp-json\/wp\/v2\/statement\/36173\/revisions\/36180"}],"wp:featuredmedia":[{"embeddable":true,"href":"https:\/\/newsocialinitiative.org\/sq\/wp-json\/wp\/v2\/media\/36176"}],"wp:attachment":[{"href":"https:\/\/newsocialinitiative.org\/sq\/wp-json\/wp\/v2\/media?parent=36173"}],"wp:term":[{"taxonomy":"category","embeddable":true,"href":"https:\/\/newsocialinitiative.org\/sq\/wp-json\/wp\/v2\/categories?post=36173"}],"curies":[{"name":"wp","href":"https:\/\/api.w.org\/{rel}","templated":true}]}}

Lidhur me ngacmimet e grave dhe vajzave në veri të Kosovës dhe reagimin joadekuat të institucioneve

<p>Javët e fundit, ka pasur një rritje të raportimeve të qytetarëve dhe mbulimit mediatik në lidhje me ngacmimet e grave dhe vajzave nga civilët që vijnë nga drejtimi i Mitrovicës Jugore, duke përfshirë incidentet me të mitur. Këto ngjarje ngrenë shqetësime serioze dhe bërejnë më tej ndjenjën e sigurisë personale dhe kolektive në mesin e banorëve në veri të Kosovës.</p>



<p>Shpeshtësia dhe vazhdimësia e incidenteve të tilla tregojnë për një problem të thellë institucional, një dështim apo mosgatishmëri të Policisë së Kosovës për të ofruar mbrojtje për të gjithë qytetarët. Veçanërisht janë alarmante dëshmitë e përpjekjeve për të minimizuar këto incidente, si dhe raportet për frikësimin e dëshmitarëve nga zyrtarët e policisë.</p>



<p>Qytetarët vazhdimisht i kanë bërë thirrje Policisë së Kosovës që të ofrojnë siguri për të gjithë, por këto apele mbeten pa përgjigje. Inspektorati Policor i Kosovës ka treguar pak ndikim të dukshëm në monitorimin apo disiplinimin e sjelljeve të pahijshme në raste të tilla, ndërsa mekanizmat për mbikëqyrjen civile të policisë mbeten jashtëzakonisht të kufizuara.</p>



<p>Duke pasur parasysh peshën e situatës dhe mungesën e dukshme të reagimit institucional, ne besojmë se është thelbësore që akterët ndërkombëtarë të intensifikojnë mekanizmat e mbikëqyrjes dhe llogaridhënies në lidhje me strukturat e sigurisë. Në këtë kontekst, ne veçojmë në mënyrë specifike mandatin e misionit të EULEX-it, i cili ka për detyrë të monitorojë sundimin e ligjit në Kosovë, duke përfshirë edhe operacionet policore.</p>



<p><strong>Prandaj i bëjmë thirrje misionit të EULEX-it, në frymën e transparencës dhe llogaridhënies ndaj qytetarëve, t’i përgjigjet publikisht pyetjeve të mëposhtme:</strong></p>



<ol class="wp-block-list">
<li><strong>A është duke monitoruar dhe dokumentuar aktualisht EULEX-i rastet e ngacmimit të grave dhe vajzave në veri të Kosovës? Nëse po, a ka një vlerësim të tendencave dhe ashpërsisë së këtyre incidenteve?</strong></li>



<li><strong>Çfarë hapash konkret ndërmerr EULEX-i kur identifikon dështimet sistematike në punën e Policisë së Kosovës në lidhje me mbrojtjen e pjesëtarëve të komuniteteve jo-shumicë?</strong></li>



<li><strong>Si siguron EULEX-i që gjetjet dhe rekomandimet e tij në raste të tilla të kenë ndikim institucional dhe të çojnë në ndryshime në sjelljen e policisë?</strong></li>



<li><strong>A është duke planifikuar EULEX-i të rrisë prezencën dhe mbikëqyrjen e njësive policore në komunat veriore, duke pasur parasysh kontekstin specifik dhe raportet e shpeshta të qytetarëve për ngacmim dhe mbrojtje joefektive?</strong></li>
</ol>



<p><strong>Është urgjentisht e nevojshme të rikthehet besimi i publikut në institucionet e sigurisë. Kjo mund të arrihet vetëm përmes punës së përgjegjshme dhe transparente të të gjitha organeve relevante, përfshirë misionet ndërkombëtare të mandatuara për të mbështetur sundimin e ligjit dhe mbrojtjen e të drejtave të njeriut në Kosovë.</strong></p>



<p><strong>Organizatat nënshkruese:&nbsp;</strong></p>



<p>Qendra për Veprime Sociale Afirmative (CASA)</p>



<p>Iniciativa e Re Sociale (NSI)</p>



<p>Instituti për Zhvillim Ekonomik Territorial (InTER)</p>



<p>Qendra Avokuese për Kulturë Demokratike (ACDC)</p>



<p>NGO Aktiv</p>

<p>Javët e fundit, ka pasur një rritje të raportimeve të qytetarëve dhe mbulimit mediatik në lidhje me ngacmimet e grave dhe vajzave nga civilët që vijnë nga drejtimi i Mitrovicës Jugore, duke përfshirë incidentet me të mitur. Këto ngjarje ngrenë shqetësime serioze dhe bërejnë më&#8230;</p>
