{"id":34749,"date":"2024-08-21T11:39:29","date_gmt":"2024-08-21T09:39:29","guid":{"rendered":"https:\/\/newsocialinitiative.org\/?post_type=statement&#038;p=34749"},"modified":"2024-08-21T11:42:43","modified_gmt":"2024-08-21T09:42:43","slug":"deklarate-e-shoqerise-civile-lidhur-me-emerimin-e-notereve-ne-kosove","status":"publish","type":"statement","link":"https:\/\/newsocialinitiative.org\/sq\/statement\/deklarate-e-shoqerise-civile-lidhur-me-emerimin-e-notereve-ne-kosove\/","title":{"rendered":"Deklarat\u00eb e Shoq\u00ebris\u00eb Civile lidhur me Em\u00ebrimin e Noter\u00ebve n\u00eb Kosov\u00eb"},"content":{"rendered":"\n<p>Ne, p\u00ebrfaq\u00ebsuesit e posht\u00ebsh\u00ebnuar t\u00eb organizatave t\u00eb shoq\u00ebris\u00eb civile nga komuniteti<br>serb n\u00eb Kosov\u00eb, shprehim shqet\u00ebsim dhe protest\u00eb serioze lidhur me vendimin e Ministres<br>s\u00eb Drejt\u00ebsis\u00eb s\u00eb Kosov\u00ebs p\u00ebr em\u00ebrimin e noter\u00ebve, q\u00eb nuk ka p\u00ebrfshir\u00eb asnj\u00eb noter nga<br>komuniteti serb n\u00eb mesin e 100 noter\u00ebve t\u00eb em\u00ebruar.<\/p>\n\n\n\n<p>Lidhur me k\u00ebt\u00eb vendim, theksojm\u00eb se aktualisht n\u00eb Kosov\u00eb jan\u00eb dhjet\u00eb avokat serb t\u00eb<br>cil\u00ebt e kan\u00eb dh\u00ebn\u00eb provimin e noteris\u00eb n\u00eb Kosov\u00eb, dhe pes\u00eb prej tyre kan\u00eb aplikuar p\u00ebr<br>pozita noteriale n\u00eb disa komuna t\u00eb Kosov\u00ebs. \u00cbsht\u00eb tejet shqet\u00ebsues fakti se asnj\u00ebri prej<br>tyre nuk \u00ebsht\u00eb em\u00ebruar n\u00eb pozit\u00ebn e noterit n\u00eb asnj\u00eb komun\u00eb t\u00eb Kosov\u00ebs. Ve\u00e7an\u00ebrisht<br>shqet\u00ebsues \u00ebsht\u00eb fakti se nj\u00eb kandidat nga komuniteti serb i cili ka aplikuar p\u00ebr pozita n\u00eb<br>dy komuna n\u00eb veri t\u00eb Kosov\u00ebs nuk \u00ebsht\u00eb em\u00ebruar, pavar\u00ebsisht se i ka plot\u00ebsuar t\u00eb gjitha<br>kriteret dhe ka p\u00ebrvoj\u00eb t\u00eb konsiderueshme juridike. P\u00ebrve\u00e7 k\u00ebsaj, \u00ebsht\u00eb e<br>pashpjegueshme q\u00eb, p\u00ebrkund\u00ebr disa kandidat\u00ebve nga komuniteti serb me p\u00ebrvoj\u00eb t\u00eb gjer\u00eb<br>juridike, askush nga ky komunitet nuk \u00ebsht\u00eb em\u00ebruar n\u00eb pozit\u00ebn e noterit n\u00eb Gra\u00e7anic\u00eb,<br>komun\u00eb me shumic\u00eb serbe; n\u00eb vend t\u00eb k\u00ebsaj, u em\u00ebrua nj\u00eb kandidat nga komuniteti<br>shqiptar. E nj\u00ebjta situat\u00eb \u00ebsht\u00eb edhe n\u00eb komunat e tjera t\u00eb p\u00ebrfshira n\u00eb konkurs. Lidhur<br>me k\u00ebt\u00eb, theksojm\u00eb se n\u00eb asnj\u00eb moment nuk kontestojm\u00eb kualifikimet e kandidat\u00ebve nga<br>komuniteti shqiptar, por n\u00ebnvizojm\u00eb pasojat q\u00eb mund t\u00eb lindin nga p\u00ebrjashtimi i<br>kandidat\u00ebve nga komuniteti serb n\u00eb vendimin e sip\u00ebrp\u00ebrmendur dhe mesazhi negativ q\u00eb<br>p\u00ebr\u00e7on tek komunitetit serb n\u00eb Kosov\u00eb.<\/p>\n\n\n\n<p>Paralajm\u00ebrojm\u00eb se vendimi i p\u00ebrmendur i Ministres s\u00eb Drejt\u00ebsis\u00eb s\u00eb Kosov\u00ebs do t\u00eb sjell\u00eb<br>probleme t\u00eb reja n\u00eb drejtim t\u00eb sigurimit t\u00eb t\u00eb drejtave t\u00eb pjes\u00ebtar\u00ebve t\u00eb komuniteteve<br>joshumic\u00eb n\u00eb Kosov\u00eb, duke pasur parasysh se nga p\u00ebrvoja, ne e dim\u00eb se noter\u00ebt<br>shqiptar\u00eb ofrojn\u00eb sh\u00ebrbime edhe n\u00eb gjuh\u00ebn shqipe n\u00eb rastet kur pal\u00ebt jan\u00eb ekskluzivisht<br>serbe. Edhe pse kjo lejohet me Ligjin p\u00ebr Noterin\u00eb (neni 32.1), nj\u00eb praktik\u00eb e till\u00eb kufizon<br>t\u00eb drejt\u00ebn e serb\u00ebve n\u00eb Kosov\u00eb p\u00ebr t\u00eb marr\u00eb sh\u00ebrbime n\u00eb gjuh\u00ebn serbe, e cila \u00ebsht\u00eb gjuh\u00eb<br>zyrtare n\u00eb Kosov\u00eb sipas Kushtetut\u00ebs s\u00eb Kosov\u00ebs (neni 5.1). Po ashtu, vendimi i<br>lartp\u00ebrmendur, p\u00ebr fat t\u00eb keq, mund t\u00eb interpretohet si mesazh se serb\u00ebt dhe pjes\u00ebtar\u00ebt<br>e komuniteteve tjera joshumic\u00eb nuk jan\u00eb t\u00eb mir\u00ebpritur n\u00eb institucionet dhe profesionet<br>liberale n\u00eb Kosov\u00eb, madje edhe ata q\u00eb n\u00eb rrethanat ekzistuese kan\u00eb treguar d\u00ebshir\u00eb p\u00ebr<br>t\u00eb ofruar sh\u00ebrbime p\u00ebr t\u00eb gjitha komunitetet n\u00eb Kosov\u00eb.<\/p>\n\n\n\n<p>Nisur nga sa m\u00eb sip\u00ebr, i b\u00ebjm\u00eb thirrje Ministres s\u00eb Drejt\u00ebsis\u00eb s\u00eb Kosov\u00ebs q\u00eb t\u00eb shqyrtoj\u00eb<br>k\u00ebrkes\u00ebn ton\u00eb p\u00ebr rishikimin e vendimit p\u00ebr em\u00ebrimin e noter\u00ebve n\u00eb komunat me shumic\u00eb<br>serbe. Ne gjithashtu k\u00ebrkojm\u00eb nga t\u00eb gjitha misionet nd\u00ebrkomb\u00ebtare dhe p\u00ebrfaq\u00ebsit\u00eb<br>diplomatike n\u00eb Kosov\u00eb, si dhe organizatat e shoq\u00ebris\u00eb civile nga komuniteti shumic\u00eb n\u00eb<br>Kosov\u00eb, t\u00eb reagojn\u00eb p\u00ebr t\u00eb parandaluar p\u00ebrshkall\u00ebzimin e m\u00ebtejsh\u00ebm t\u00eb tensioneve dhe<br>rritjen e mosbesimit t\u00eb komuniteteve joshumic\u00eb ndaj institucioneve t\u00eb Kosov\u00ebs dhe<br>Qeveris\u00eb s\u00eb Kosov\u00ebs. Ne presim q\u00eb t\u00eb gjith\u00eb akter\u00ebt t\u00eb veprojn\u00eb me mir\u00ebbesim dhe t\u00eb<br>demonstrojn\u00eb p\u00ebrkushtimin e tyre t\u00eb shpallur p\u00ebr krijimin dhe mbajtjen e nj\u00eb shoq\u00ebrie<br>multietnike n\u00eb Kosov\u00eb.<\/p>\n\n\n\n<p>N\u00ebnshkruesit:<br>\uf0b7 Advocacy Center for Democratic Culture \u2013 ACDC<br>\uf0b7 New Social Initiative NSI<br>\uf0b7 OJQ Aktiv<br>\uf0b7 Communication for Social Development \u2013 CSD<br>\uf0b7 Institute for Territorial Economic Development \u2013 InTER<br>\uf0b7 Omladinska Parteska Aktivnost \u2013 OPA<br>\uf0b7 Association of Business Women \u201cAvenija\u201d<br>\uf0b7 OJQ Santa Maria<\/p>\n\n\n\n<div class=\"wp-block-pdfjsblock-pdfjs-embed pdfjs-wrapper\"><\/div>\n","protected":false},"excerpt":{"rendered":"<p>Ne, p\u00ebrfaq\u00ebsuesit e posht\u00ebsh\u00ebnuar t\u00eb organizatave t\u00eb shoq\u00ebris\u00eb civile nga komunitetiserb n\u00eb Kosov\u00eb, shprehim shqet\u00ebsim dhe protest\u00eb serioze lidhur me vendimin e Ministress\u00eb Drejt\u00ebsis\u00eb s\u00eb Kosov\u00ebs p\u00ebr em\u00ebrimin e noter\u00ebve, q\u00eb nuk ka p\u00ebrfshir\u00eb asnj\u00eb noter ngakomuniteti serb n\u00eb mesin e 100 noter\u00ebve t\u00eb em\u00ebruar&#8230;.<\/p>\n","protected":false},"author":6,"featured_media":33316,"parent":0,"comment_status":"open","ping_status":"closed","template":"","meta":{"_links_to":"","_links_to_target":""},"categories":[],"class_list":["post-34749","statement","type-statement","status-publish","has-post-thumbnail","hentry"],"acf":[],"_links":{"self":[{"href":"https:\/\/newsocialinitiative.org\/sq\/wp-json\/wp\/v2\/statement\/34749","targetHints":{"allow":["GET"]}}],"collection":[{"href":"https:\/\/newsocialinitiative.org\/sq\/wp-json\/wp\/v2\/statement"}],"about":[{"href":"https:\/\/newsocialinitiative.org\/sq\/wp-json\/wp\/v2\/types\/statement"}],"author":[{"embeddable":true,"href":"https:\/\/newsocialinitiative.org\/sq\/wp-json\/wp\/v2\/users\/6"}],"replies":[{"embeddable":true,"href":"https:\/\/newsocialinitiative.org\/sq\/wp-json\/wp\/v2\/comments?post=34749"}],"version-history":[{"count":1,"href":"https:\/\/newsocialinitiative.org\/sq\/wp-json\/wp\/v2\/statement\/34749\/revisions"}],"predecessor-version":[{"id":34753,"href":"https:\/\/newsocialinitiative.org\/sq\/wp-json\/wp\/v2\/statement\/34749\/revisions\/34753"}],"wp:featuredmedia":[{"embeddable":true,"href":"https:\/\/newsocialinitiative.org\/sq\/wp-json\/wp\/v2\/media\/33316"}],"wp:attachment":[{"href":"https:\/\/newsocialinitiative.org\/sq\/wp-json\/wp\/v2\/media?parent=34749"}],"wp:term":[{"taxonomy":"category","embeddable":true,"href":"https:\/\/newsocialinitiative.org\/sq\/wp-json\/wp\/v2\/categories?post=34749"}],"curies":[{"name":"wp","href":"https:\/\/api.w.org\/{rel}","templated":true}]}}

Deklaratë e Shoqërisë Civile lidhur me Emërimin e Noterëve në Kosovë

<p>Ne, përfaqësuesit e poshtëshënuar të organizatave të shoqërisë civile nga komuniteti<br>serb në Kosovë, shprehim shqetësim dhe protestë serioze lidhur me vendimin e Ministres<br>së Drejtësisë së Kosovës për emërimin e noterëve, që nuk ka përfshirë asnjë noter nga<br>komuniteti serb në mesin e 100 noterëve të emëruar.</p>



<p>Lidhur me këtë vendim, theksojmë se aktualisht në Kosovë janë dhjetë avokat serb të<br>cilët e kanë dhënë provimin e noterisë në Kosovë, dhe pesë prej tyre kanë aplikuar për<br>pozita noteriale në disa komuna të Kosovës. Është tejet shqetësues fakti se asnjëri prej<br>tyre nuk është emëruar në pozitën e noterit në asnjë komunë të Kosovës. Veçanërisht<br>shqetësues është fakti se një kandidat nga komuniteti serb i cili ka aplikuar për pozita në<br>dy komuna në veri të Kosovës nuk është emëruar, pavarësisht se i ka plotësuar të gjitha<br>kriteret dhe ka përvojë të konsiderueshme juridike. Përveç kësaj, është e<br>pashpjegueshme që, përkundër disa kandidatëve nga komuniteti serb me përvojë të gjerë<br>juridike, askush nga ky komunitet nuk është emëruar në pozitën e noterit në Graçanicë,<br>komunë me shumicë serbe; në vend të kësaj, u emërua një kandidat nga komuniteti<br>shqiptar. E njëjta situatë është edhe në komunat e tjera të përfshira në konkurs. Lidhur<br>me këtë, theksojmë se në asnjë moment nuk kontestojmë kualifikimet e kandidatëve nga<br>komuniteti shqiptar, por nënvizojmë pasojat që mund të lindin nga përjashtimi i<br>kandidatëve nga komuniteti serb në vendimin e sipërpërmendur dhe mesazhi negativ që<br>përçon tek komunitetit serb në Kosovë.</p>



<p>Paralajmërojmë se vendimi i përmendur i Ministres së Drejtësisë së Kosovës do të sjellë<br>probleme të reja në drejtim të sigurimit të të drejtave të pjesëtarëve të komuniteteve<br>joshumicë në Kosovë, duke pasur parasysh se nga përvoja, ne e dimë se noterët<br>shqiptarë ofrojnë shërbime edhe në gjuhën shqipe në rastet kur palët janë ekskluzivisht<br>serbe. Edhe pse kjo lejohet me Ligjin për Noterinë (neni 32.1), një praktikë e tillë kufizon<br>të drejtën e serbëve në Kosovë për të marrë shërbime në gjuhën serbe, e cila është gjuhë<br>zyrtare në Kosovë sipas Kushtetutës së Kosovës (neni 5.1). Po ashtu, vendimi i<br>lartpërmendur, për fat të keq, mund të interpretohet si mesazh se serbët dhe pjesëtarët<br>e komuniteteve tjera joshumicë nuk janë të mirëpritur në institucionet dhe profesionet<br>liberale në Kosovë, madje edhe ata që në rrethanat ekzistuese kanë treguar dëshirë për<br>të ofruar shërbime për të gjitha komunitetet në Kosovë.</p>



<p>Nisur nga sa më sipër, i bëjmë thirrje Ministres së Drejtësisë së Kosovës që të shqyrtojë<br>kërkesën tonë për rishikimin e vendimit për emërimin e noterëve në komunat me shumicë<br>serbe. Ne gjithashtu kërkojmë nga të gjitha misionet ndërkombëtare dhe përfaqësitë<br>diplomatike në Kosovë, si dhe organizatat e shoqërisë civile nga komuniteti shumicë në<br>Kosovë, të reagojnë për të parandaluar përshkallëzimin e mëtejshëm të tensioneve dhe<br>rritjen e mosbesimit të komuniteteve joshumicë ndaj institucioneve të Kosovës dhe<br>Qeverisë së Kosovës. Ne presim që të gjithë akterët të veprojnë me mirëbesim dhe të<br>demonstrojnë përkushtimin e tyre të shpallur për krijimin dhe mbajtjen e një shoqërie<br>multietnike në Kosovë.</p>



<p>Nënshkruesit:<br> Advocacy Center for Democratic Culture – ACDC<br> New Social Initiative NSI<br> OJQ Aktiv<br> Communication for Social Development – CSD<br> Institute for Territorial Economic Development – InTER<br> Omladinska Parteska Aktivnost – OPA<br> Association of Business Women “Avenija”<br> OJQ Santa Maria</p>



<div class="wp-block-pdfjsblock-pdfjs-embed pdfjs-wrapper"></div>

<p>Ne, përfaqësuesit e poshtëshënuar të organizatave të shoqërisë civile nga komunitetiserb në Kosovë, shprehim shqetësim dhe protestë serioze lidhur me vendimin e Ministressë Drejtësisë së Kosovës për emërimin e noterëve, që nuk ka përfshirë asnjë noter ngakomuniteti serb në mesin e 100 noterëve të emëruar&#8230;.</p>
