{"id":32967,"date":"2022-09-01T11:02:00","date_gmt":"2022-09-01T09:02:00","guid":{"rendered":"https:\/\/newsocialinitiative.org\/?post_type=project&#038;p=32967"},"modified":"2023-11-29T11:11:40","modified_gmt":"2023-11-29T10:11:40","slug":"ngritja-e-kapaciteteve-te-oshc-ve-per-te-drejtat-e-njeriut-dhe-rritja-e-edukimit-per-te-drejtat-e-njeriut-hrn-2-0","status":"publish","type":"project","link":"https:\/\/newsocialinitiative.org\/sq\/project\/ngritja-e-kapaciteteve-te-oshc-ve-per-te-drejtat-e-njeriut-dhe-rritja-e-edukimit-per-te-drejtat-e-njeriut-hrn-2-0\/","title":{"rendered":"Ngritja e kapaciteteve t\u00eb OSHC-ve p\u00ebr t\u00eb drejtat e njeriut dhe rritja e edukimit p\u00ebr t\u00eb drejtat e njeriut &#8211; HRN 2.0"},"content":{"rendered":"","protected":false},"excerpt":{"rendered":"","protected":false},"author":3,"featured_media":0,"parent":0,"comment_status":"open","ping_status":"closed","template":"","meta":{"_links_to":"","_links_to_target":""},"categories":[],"class_list":["post-32967","project","type-project","status-publish","hentry"],"acf":[],"_links":{"self":[{"href":"https:\/\/newsocialinitiative.org\/sq\/wp-json\/wp\/v2\/project\/32967","targetHints":{"allow":["GET"]}}],"collection":[{"href":"https:\/\/newsocialinitiative.org\/sq\/wp-json\/wp\/v2\/project"}],"about":[{"href":"https:\/\/newsocialinitiative.org\/sq\/wp-json\/wp\/v2\/types\/project"}],"author":[{"embeddable":true,"href":"https:\/\/newsocialinitiative.org\/sq\/wp-json\/wp\/v2\/users\/3"}],"replies":[{"embeddable":true,"href":"https:\/\/newsocialinitiative.org\/sq\/wp-json\/wp\/v2\/comments?post=32967"}],"version-history":[{"count":4,"href":"https:\/\/newsocialinitiative.org\/sq\/wp-json\/wp\/v2\/project\/32967\/revisions"}],"predecessor-version":[{"id":32971,"href":"https:\/\/newsocialinitiative.org\/sq\/wp-json\/wp\/v2\/project\/32967\/revisions\/32971"}],"wp:attachment":[{"href":"https:\/\/newsocialinitiative.org\/sq\/wp-json\/wp\/v2\/media?parent=32967"}],"wp:term":[{"taxonomy":"category","embeddable":true,"href":"https:\/\/newsocialinitiative.org\/sq\/wp-json\/wp\/v2\/categories?post=32967"}],"curies":[{"name":"wp","href":"https:\/\/api.w.org\/{rel}","templated":true}]}}

Ngritja e kapaciteteve të OSHC-ve për të drejtat e njeriut dhe rritja e edukimit për të drejtat e njeriut &#8211; HRN 2.0
