{"id":26269,"date":"2017-06-20T12:03:00","date_gmt":"2017-06-20T10:03:00","guid":{"rendered":"https:\/\/newsocialinitiative.org\/project\/grate-serbe-ne-politiken-e-kosoves-a-nenkupton-pozicioni-domosdoshmerisht-pushtet\/"},"modified":"2017-06-20T12:03:00","modified_gmt":"2017-06-20T10:03:00","slug":"grate-serbe-ne-politiken-e-kosoves-a-nenkupton-pozicioni-domosdoshmerisht-pushtet","status":"publish","type":"project","link":"https:\/\/newsocialinitiative.org\/sq\/project\/grate-serbe-ne-politiken-e-kosoves-a-nenkupton-pozicioni-domosdoshmerisht-pushtet\/","title":{"rendered":"Grat\u00eb serbe n\u00eb politik\u00ebn e Kosov\u00ebs: A n\u00ebnkupton pozicioni domosdoshm\u00ebrisht pushtet?"},"content":{"rendered":"","protected":false},"excerpt":{"rendered":"","protected":false},"author":2,"featured_media":0,"parent":0,"comment_status":"open","ping_status":"closed","template":"","meta":{"_links_to":"","_links_to_target":""},"categories":[],"class_list":["post-26269","project","type-project","status-publish","hentry"],"acf":[],"_links":{"self":[{"href":"https:\/\/newsocialinitiative.org\/sq\/wp-json\/wp\/v2\/project\/26269","targetHints":{"allow":["GET"]}}],"collection":[{"href":"https:\/\/newsocialinitiative.org\/sq\/wp-json\/wp\/v2\/project"}],"about":[{"href":"https:\/\/newsocialinitiative.org\/sq\/wp-json\/wp\/v2\/types\/project"}],"author":[{"embeddable":true,"href":"https:\/\/newsocialinitiative.org\/sq\/wp-json\/wp\/v2\/users\/2"}],"replies":[{"embeddable":true,"href":"https:\/\/newsocialinitiative.org\/sq\/wp-json\/wp\/v2\/comments?post=26269"}],"version-history":[{"count":0,"href":"https:\/\/newsocialinitiative.org\/sq\/wp-json\/wp\/v2\/project\/26269\/revisions"}],"wp:attachment":[{"href":"https:\/\/newsocialinitiative.org\/sq\/wp-json\/wp\/v2\/media?parent=26269"}],"wp:term":[{"taxonomy":"category","embeddable":true,"href":"https:\/\/newsocialinitiative.org\/sq\/wp-json\/wp\/v2\/categories?post=26269"}],"curies":[{"name":"wp","href":"https:\/\/api.w.org\/{rel}","templated":true}]}}

Gratë serbe në politikën e Kosovës: A nënkupton pozicioni domosdoshmërisht pushtet?
