{"id":26255,"date":"2021-07-27T10:28:00","date_gmt":"2021-07-27T08:28:00","guid":{"rendered":"https:\/\/newsocialinitiative.org\/project\/perfshirja-e-grave-ne-tryezen-e-bisedimeve-ne-kosove\/"},"modified":"2022-06-01T11:43:39","modified_gmt":"2022-06-01T09:43:39","slug":"perfshirja-e-grave-ne-tryezen-e-bisedimeve-ne-kosove","status":"publish","type":"project","link":"https:\/\/newsocialinitiative.org\/sq\/project\/perfshirja-e-grave-ne-tryezen-e-bisedimeve-ne-kosove\/","title":{"rendered":"P\u00ebrfshirja e grave n\u00eb tryez\u00ebn e bisedimeve n\u00eb Kosov\u00eb"},"content":{"rendered":"","protected":false},"excerpt":{"rendered":"","protected":false},"author":2,"featured_media":0,"parent":0,"comment_status":"open","ping_status":"closed","template":"","meta":{"_links_to":"","_links_to_target":""},"categories":[],"class_list":["post-26255","project","type-project","status-publish","hentry"],"acf":[],"_links":{"self":[{"href":"https:\/\/newsocialinitiative.org\/sq\/wp-json\/wp\/v2\/project\/26255","targetHints":{"allow":["GET"]}}],"collection":[{"href":"https:\/\/newsocialinitiative.org\/sq\/wp-json\/wp\/v2\/project"}],"about":[{"href":"https:\/\/newsocialinitiative.org\/sq\/wp-json\/wp\/v2\/types\/project"}],"author":[{"embeddable":true,"href":"https:\/\/newsocialinitiative.org\/sq\/wp-json\/wp\/v2\/users\/2"}],"replies":[{"embeddable":true,"href":"https:\/\/newsocialinitiative.org\/sq\/wp-json\/wp\/v2\/comments?post=26255"}],"version-history":[{"count":0,"href":"https:\/\/newsocialinitiative.org\/sq\/wp-json\/wp\/v2\/project\/26255\/revisions"}],"wp:attachment":[{"href":"https:\/\/newsocialinitiative.org\/sq\/wp-json\/wp\/v2\/media?parent=26255"}],"wp:term":[{"taxonomy":"category","embeddable":true,"href":"https:\/\/newsocialinitiative.org\/sq\/wp-json\/wp\/v2\/categories?post=26255"}],"curies":[{"name":"wp","href":"https:\/\/api.w.org\/{rel}","templated":true}]}}

Përfshirja e grave në tryezën e bisedimeve në Kosovë
