{"id":36161,"date":"2025-04-30T10:49:09","date_gmt":"2025-04-30T08:49:09","guid":{"rendered":"https:\/\/newsocialinitiative.org\/?post_type=oped&#038;p=36161"},"modified":"2025-04-30T11:03:53","modified_gmt":"2025-04-30T09:03:53","slug":"normalizimi-kosove-serbi-ne-driten-e-punetoreve-rae-te-spitalit-isa-grezda","status":"publish","type":"oped","link":"https:\/\/newsocialinitiative.org\/sq\/oped\/normalizimi-kosove-serbi-ne-driten-e-punetoreve-rae-te-spitalit-isa-grezda\/","title":{"rendered":"Normalizimi Kosov\u00eb-Serbi n\u00eb drit\u00ebn e pun\u00ebtor\u00ebve RAE t\u00eb spitalit\u00a0\u201cIsa Grezda\u201d\u00a0"},"content":{"rendered":"","protected":false},"excerpt":{"rendered":"","protected":false},"author":6,"featured_media":36166,"parent":0,"comment_status":"open","ping_status":"closed","template":"","meta":{"_links_to":"","_links_to_target":""},"categories":[],"class_list":["post-36161","oped","type-oped","status-publish","has-post-thumbnail","hentry"],"acf":[],"_links":{"self":[{"href":"https:\/\/newsocialinitiative.org\/sq\/wp-json\/wp\/v2\/oped\/36161","targetHints":{"allow":["GET"]}}],"collection":[{"href":"https:\/\/newsocialinitiative.org\/sq\/wp-json\/wp\/v2\/oped"}],"about":[{"href":"https:\/\/newsocialinitiative.org\/sq\/wp-json\/wp\/v2\/types\/oped"}],"author":[{"embeddable":true,"href":"https:\/\/newsocialinitiative.org\/sq\/wp-json\/wp\/v2\/users\/6"}],"replies":[{"embeddable":true,"href":"https:\/\/newsocialinitiative.org\/sq\/wp-json\/wp\/v2\/comments?post=36161"}],"version-history":[{"count":2,"href":"https:\/\/newsocialinitiative.org\/sq\/wp-json\/wp\/v2\/oped\/36161\/revisions"}],"predecessor-version":[{"id":36163,"href":"https:\/\/newsocialinitiative.org\/sq\/wp-json\/wp\/v2\/oped\/36161\/revisions\/36163"}],"wp:featuredmedia":[{"embeddable":true,"href":"https:\/\/newsocialinitiative.org\/sq\/wp-json\/wp\/v2\/media\/36166"}],"wp:attachment":[{"href":"https:\/\/newsocialinitiative.org\/sq\/wp-json\/wp\/v2\/media?parent=36161"}],"wp:term":[{"taxonomy":"category","embeddable":true,"href":"https:\/\/newsocialinitiative.org\/sq\/wp-json\/wp\/v2\/categories?post=36161"}],"curies":[{"name":"wp","href":"https:\/\/api.w.org\/{rel}","templated":true}]}}

Normalizimi Kosovë-Serbi në dritën e punëtorëve RAE të spitalit “Isa Grezda”
