{"id":35159,"date":"2024-10-21T11:16:07","date_gmt":"2024-10-21T09:16:07","guid":{"rendered":"https:\/\/newsocialinitiative.org\/?post_type=oped&#038;p=35159"},"modified":"2024-10-21T11:16:28","modified_gmt":"2024-10-21T09:16:28","slug":"pertej-sovranitetit-dhe-reformave-ruajtja-e-multietnicitetit-te-kosoves-dhe-promovimi-i-nje-identiteti-qytetar","status":"publish","type":"oped","link":"https:\/\/newsocialinitiative.org\/sq\/oped\/pertej-sovranitetit-dhe-reformave-ruajtja-e-multietnicitetit-te-kosoves-dhe-promovimi-i-nje-identiteti-qytetar\/","title":{"rendered":"P\u00ebrtej sovranitetit dhe reformave: Ruajtja e multietnicitetit t\u00eb Kosov\u00ebs dhe promovimi i nj\u00eb identiteti qytetar"},"content":{"rendered":"","protected":false},"excerpt":{"rendered":"","protected":false},"author":3,"featured_media":35163,"parent":0,"comment_status":"open","ping_status":"closed","template":"","meta":{"_links_to":"","_links_to_target":""},"categories":[],"class_list":["post-35159","oped","type-oped","status-publish","has-post-thumbnail","hentry"],"acf":[],"_links":{"self":[{"href":"https:\/\/newsocialinitiative.org\/sq\/wp-json\/wp\/v2\/oped\/35159","targetHints":{"allow":["GET"]}}],"collection":[{"href":"https:\/\/newsocialinitiative.org\/sq\/wp-json\/wp\/v2\/oped"}],"about":[{"href":"https:\/\/newsocialinitiative.org\/sq\/wp-json\/wp\/v2\/types\/oped"}],"author":[{"embeddable":true,"href":"https:\/\/newsocialinitiative.org\/sq\/wp-json\/wp\/v2\/users\/3"}],"replies":[{"embeddable":true,"href":"https:\/\/newsocialinitiative.org\/sq\/wp-json\/wp\/v2\/comments?post=35159"}],"version-history":[{"count":3,"href":"https:\/\/newsocialinitiative.org\/sq\/wp-json\/wp\/v2\/oped\/35159\/revisions"}],"predecessor-version":[{"id":35168,"href":"https:\/\/newsocialinitiative.org\/sq\/wp-json\/wp\/v2\/oped\/35159\/revisions\/35168"}],"wp:featuredmedia":[{"embeddable":true,"href":"https:\/\/newsocialinitiative.org\/sq\/wp-json\/wp\/v2\/media\/35163"}],"wp:attachment":[{"href":"https:\/\/newsocialinitiative.org\/sq\/wp-json\/wp\/v2\/media?parent=35159"}],"wp:term":[{"taxonomy":"category","embeddable":true,"href":"https:\/\/newsocialinitiative.org\/sq\/wp-json\/wp\/v2\/categories?post=35159"}],"curies":[{"name":"wp","href":"https:\/\/api.w.org\/{rel}","templated":true}]}}

Përtej sovranitetit dhe reformave: Ruajtja e multietnicitetit të Kosovës dhe promovimi i një identiteti qytetar
