{"id":25103,"date":"2019-10-04T10:36:00","date_gmt":"2019-10-04T08:36:00","guid":{"rendered":"https:\/\/newsocialinitiative.org\/oped\/shfaqja-e-vigjilenteve-ne-skenen-politike-te-kosoves\/"},"modified":"2019-10-04T10:36:00","modified_gmt":"2019-10-04T08:36:00","slug":"shfaqja-e-vigjilenteve-ne-skenen-politike-te-kosoves","status":"publish","type":"oped","link":"https:\/\/newsocialinitiative.org\/sq\/oped\/shfaqja-e-vigjilenteve-ne-skenen-politike-te-kosoves\/","title":{"rendered":"Shfaqja e vigjilent\u00ebve n\u00eb sken\u00ebn politike t\u00eb Kosov\u00ebs"},"content":{"rendered":"","protected":false},"excerpt":{"rendered":"","protected":false},"author":2,"featured_media":0,"parent":0,"comment_status":"open","ping_status":"closed","template":"","meta":{"_links_to":"","_links_to_target":""},"categories":[],"class_list":["post-25103","oped","type-oped","status-publish","hentry"],"acf":[],"_links":{"self":[{"href":"https:\/\/newsocialinitiative.org\/sq\/wp-json\/wp\/v2\/oped\/25103","targetHints":{"allow":["GET"]}}],"collection":[{"href":"https:\/\/newsocialinitiative.org\/sq\/wp-json\/wp\/v2\/oped"}],"about":[{"href":"https:\/\/newsocialinitiative.org\/sq\/wp-json\/wp\/v2\/types\/oped"}],"author":[{"embeddable":true,"href":"https:\/\/newsocialinitiative.org\/sq\/wp-json\/wp\/v2\/users\/2"}],"replies":[{"embeddable":true,"href":"https:\/\/newsocialinitiative.org\/sq\/wp-json\/wp\/v2\/comments?post=25103"}],"version-history":[{"count":0,"href":"https:\/\/newsocialinitiative.org\/sq\/wp-json\/wp\/v2\/oped\/25103\/revisions"}],"wp:attachment":[{"href":"https:\/\/newsocialinitiative.org\/sq\/wp-json\/wp\/v2\/media?parent=25103"}],"wp:term":[{"taxonomy":"category","embeddable":true,"href":"https:\/\/newsocialinitiative.org\/sq\/wp-json\/wp\/v2\/categories?post=25103"}],"curies":[{"name":"wp","href":"https:\/\/api.w.org\/{rel}","templated":true}]}}

Shfaqja e vigjilentëve në skenën politike të Kosovës
