{"id":34034,"date":"2024-05-10T09:42:22","date_gmt":"2024-05-10T07:42:22","guid":{"rendered":"https:\/\/newsocialinitiative.org\/?post_type=oped&#038;p=34034"},"modified":"2024-05-10T13:39:30","modified_gmt":"2024-05-10T11:39:30","slug":"da-li-nas-je-zaista-lakse-naoruzati-nego-zastiti","status":"publish","type":"oped","link":"http:\/\/newsocialinitiative.org\/sr\/oped\/da-li-nas-je-zaista-lakse-naoruzati-nego-zastiti\/","title":{"rendered":"Da li nas je zaista lak\u0161e naoru\u017eati, nego za\u0161titi?"},"content":{"rendered":"","protected":false},"excerpt":{"rendered":"","protected":false},"author":6,"featured_media":0,"parent":0,"comment_status":"open","ping_status":"closed","template":"","meta":{"_links_to":"","_links_to_target":""},"categories":[],"class_list":["post-34034","oped","type-oped","status-publish","hentry"],"acf":[],"_links":{"self":[{"href":"http:\/\/newsocialinitiative.org\/sr\/wp-json\/wp\/v2\/oped\/34034","targetHints":{"allow":["GET"]}}],"collection":[{"href":"http:\/\/newsocialinitiative.org\/sr\/wp-json\/wp\/v2\/oped"}],"about":[{"href":"http:\/\/newsocialinitiative.org\/sr\/wp-json\/wp\/v2\/types\/oped"}],"author":[{"embeddable":true,"href":"http:\/\/newsocialinitiative.org\/sr\/wp-json\/wp\/v2\/users\/6"}],"replies":[{"embeddable":true,"href":"http:\/\/newsocialinitiative.org\/sr\/wp-json\/wp\/v2\/comments?post=34034"}],"version-history":[{"count":4,"href":"http:\/\/newsocialinitiative.org\/sr\/wp-json\/wp\/v2\/oped\/34034\/revisions"}],"predecessor-version":[{"id":34039,"href":"http:\/\/newsocialinitiative.org\/sr\/wp-json\/wp\/v2\/oped\/34034\/revisions\/34039"}],"wp:attachment":[{"href":"http:\/\/newsocialinitiative.org\/sr\/wp-json\/wp\/v2\/media?parent=34034"}],"wp:term":[{"taxonomy":"category","embeddable":true,"href":"http:\/\/newsocialinitiative.org\/sr\/wp-json\/wp\/v2\/categories?post=34034"}],"curies":[{"name":"wp","href":"https:\/\/api.w.org\/{rel}","templated":true}]}}

Da li nas je zaista lakše naoružati, nego zaštiti?
