{"id":34373,"date":"2024-07-18T14:57:31","date_gmt":"2024-07-18T12:57:31","guid":{"rendered":"https:\/\/newsocialinitiative.org\/?post_type=oped&#038;p=34373"},"modified":"2024-09-03T15:05:05","modified_gmt":"2024-09-03T13:05:05","slug":"barazia-ne-leter-pabarazia-ne-praktike-pakicat-etnike-te-kosoves","status":"publish","type":"oped","link":"http:\/\/newsocialinitiative.org\/sq\/oped\/barazia-ne-leter-pabarazia-ne-praktike-pakicat-etnike-te-kosoves\/","title":{"rendered":"Barazia n\u00eb let\u00ebr, pabarazia n\u00eb praktik\u00eb: pakicat etnike t\u00eb Kosov\u00ebs"},"content":{"rendered":"","protected":false},"excerpt":{"rendered":"","protected":false},"author":6,"featured_media":0,"parent":0,"comment_status":"open","ping_status":"closed","template":"","meta":{"_links_to":"","_links_to_target":""},"categories":[],"class_list":["post-34373","oped","type-oped","status-publish","hentry"],"acf":[],"_links":{"self":[{"href":"http:\/\/newsocialinitiative.org\/sq\/wp-json\/wp\/v2\/oped\/34373","targetHints":{"allow":["GET"]}}],"collection":[{"href":"http:\/\/newsocialinitiative.org\/sq\/wp-json\/wp\/v2\/oped"}],"about":[{"href":"http:\/\/newsocialinitiative.org\/sq\/wp-json\/wp\/v2\/types\/oped"}],"author":[{"embeddable":true,"href":"http:\/\/newsocialinitiative.org\/sq\/wp-json\/wp\/v2\/users\/6"}],"replies":[{"embeddable":true,"href":"http:\/\/newsocialinitiative.org\/sq\/wp-json\/wp\/v2\/comments?post=34373"}],"version-history":[{"count":6,"href":"http:\/\/newsocialinitiative.org\/sq\/wp-json\/wp\/v2\/oped\/34373\/revisions"}],"predecessor-version":[{"id":34766,"href":"http:\/\/newsocialinitiative.org\/sq\/wp-json\/wp\/v2\/oped\/34373\/revisions\/34766"}],"wp:attachment":[{"href":"http:\/\/newsocialinitiative.org\/sq\/wp-json\/wp\/v2\/media?parent=34373"}],"wp:term":[{"taxonomy":"category","embeddable":true,"href":"http:\/\/newsocialinitiative.org\/sq\/wp-json\/wp\/v2\/categories?post=34373"}],"curies":[{"name":"wp","href":"https:\/\/api.w.org\/{rel}","templated":true}]}}

Barazia në letër, pabarazia në praktikë: pakicat etnike të Kosovës
